y (-1)/1 + 1*3.
0
Let d = -3 + 6. Suppose 17 = -2*t + d*t. Suppose -4*w + 0*j = 2*j - 206, -j = 3*w - 153. Calculate the remainder when w is divided by t.
16
Let f = -10 - -14. Suppose 10*v - 30 = f*v. What is the remainder when 9 is divided by v?
4
Suppose -24 - 32 = -4*i. Suppose -4*x = r - 23, 0*x = r + x - i. Let y(t) = 11*t - 3. Calculate the remainder when y(2) is divided by r.
8
Suppose 36 = 4*x + 4*n, -5*n + 27 = -2*x + 4*x. Let h = 3 - -25. What is the remainder when h is divided by x?
4
Suppose -5*o + 40 = 5*c - 3*c, 2*c - 20 = -3*o. What is the remainder when 19 is divided by o?
9
Let u = -71 - -51. Let d = u - -28. What is the remainder when 38 + 12/d*-2 is divided by 12?
11
Let f = -143 + 195. Suppose 0 = 4*d + 5*v - f, -5*d + 0*v = -4*v - 24. What is the remainder when 20 is divided by d?
4
Let w = -36 + 38. Suppose -6*o + 3*o + 36 = 3*y, w*y = 4*o - 42. Suppose 4*s + 3*l - 8*l = 64, 4*s - 104 = -5*l. Calculate the remainder when s is divided by o.
10
Let r(w) = 6*w**2 - 23*w + 123. What is the remainder when r(6) is divided by 83?
35
Let l = -354 + 617. Calculate the remainder when l is divided by 14.
11
Let p(v) = -v**3 + 11*v**2 - 11*v + 10. Calculate the remainder when 875 is divided by p(9).
72
Suppose 4*j - 642 = 878. Calculate the remainder when j is divided by 77.
72
Suppose n + n = -3*y + 132, 5*n = -3*y + 321. Let g be (5 - 5) + 0 + 3. Let l = g - -19. Calculate the remainder when n is divided by l.
19
Let o(w) = 3*w**3 - w**2 - 3*w - 25. What is the remainder when o(5) is divided by 78?
76
Suppose 0 = -4*a - 0*f - f + 14, 4*f = -a - 4. Let z be (-10)/4*(-8)/a. What is the remainder when 18 is divided by 13 + (4 - z) + -2?
8
Suppose 0 = -90*y + 83*y + 2212. Calculate the remainder when y is divided by 32.
28
Let q(p) = -3*p + 69. Calculate the remainder when 155 is divided by q(10).
38
Let i = 239 - 220. Calculate the remainder when 71 is divided by i.
14
Suppose -3*o = 3*h - h + 5, 2 = -5*h + 3*o. Let p = 25 - h. What is the remainder when p is divided by 3?
2
Let m(k) = 4*k**3 - 6*k**2 + 6*k - 1. Calculate the remainder when 25 is divided by m(1).
1
Suppose -3*s + 2*h = -70 - 105, 0 = -4*h - 8. Suppose 0 = -2*p - 5*r + 25, 4*p + 2*r - s = 33. Calculate the remainder when p is divided by 4.
1
Let v(r) = -44*r - 457. Calculate the remainder when 969 is divided by v(-11).
24
Suppose 134 - 145 = -s. Calculate the remainder when 196 is divided by s.
9
Let b = -7 - -9. Suppose b*c + 3*c - 125 = 0. Calculate the remainder when c is divided by 9.
7
Let p = -9 - 6. Let w be (10/p)/((-1)/3). Calculate the remainder when w + -1 + -1 + 2 is divided by 1.
0
Calculate the remainder when (0 - 1)*(-146 - 36/(-4)) is divided by 69.
68
Suppose 0 = -20*u + 292 - 112. Let v be 3 - (-2 - -1)*-1. Let l = v + 15. Calculate the remainder when l is divided by u.
8
Let q = 210 + -140. Calculate the remainder when q is divided by 11.
4
Suppose r - 9 = -0*r. Let k = 21 - r. Let n(i) = i**3 - 13*i**2 + 11*i + 15. What is the remainder when 7 is divided by n(k)?
1
Let h(j) = 2*j + 11. Suppose 13*n + 8*n - 3024 = 0. Calculate the remainder when n is divided by h(9).
28
Calculate the remainder when ((-72)/(-32))/(-3 - (-1299)/432) is divided by 47.
42
Let r(h) = 13*h**3 - h**2 + 4. Let n be r(3). Let t = n + -214. Calculate the remainder when t is divided by 27.
24
Let y(l) = 4*l + 37. Calculate the remainder when 38 is divided by y(-6).
12
Let f(b) = b**2 + b + 2. Let w(c) = -2*c + 10. Let h be w(5). What is the remainder when 4 is divided by f(h)?
0
Suppose -7 = 3*u - 19. Suppose 3*d + 5 = u*d. What is the remainder when 103 is divided by 2/d - (-173)/5?
33
Let n be (-11)/(4 - (-123)/(-30)). Calculate the remainder when (2/5)/(2/n) is divided by 5 - (9/3)/(-3).
4
Suppose 2*j = 4*i - j - 72, 90 = 5*i + 5*j. Suppose -70 = -3*w + 305. What is the remainder when w is divided by i?
17
Suppose 8410*s + 4385 = 8415*s. What is the remainder when s is divided by 44?
41
Suppose -17*x + 282 = 61. Calculate the remainder when 115 is divided by x.
11
What is the remainder when 29 - (11 - 4 - 1) is divided by 3?
2
Let f(i) = i**3 - i**3 + 8*i**2 + 2 - i**3 + i. What is the remainder when f(4) is divided by 24?
22
Suppose -37*n = -36*n, 5*z - 220 = -5*n. What is the remainder when 426 is divided by z?
30
Suppose 5*t + 1123 - 4268 = 0. What is the remainder when t is divided by 30?
29
Let i(j) = -j**2 - 9*j - 4. Let y be i(-6). Suppose 19*p = y*p + 555. What is the remainder when p is divided by 38?
35
Suppose 0 = 4*c + 5*k - 106, -5*c + 39 + 110 = -2*k. Let h be -45*(4/10)/1. Let w = -10 - h. Calculate the remainder when c is divided by w.
5
Suppose 10*z - 8*z - 172 = 0. Suppose i = -3*m + 6*m + z, 3*m = 0. Calculate the remainder when i is divided by 22.
20
Calculate the remainder when (-39340)/(-308) - (-15)/55 is divided by 31.
4
Let g(r) = -10*r + 295. What is the remainder when g(-17) is divided by 13?
10
Suppose 0 = 2*y + 2*t - 162, 5*y - 3*y - 157 = -t. Calculate the remainder when y is divided by 3.
1
Let j = 8 - 3. Let m = 788 + -780. What is the remainder when m is divided by j?
3
Let x = 2991 - 2982. Let s(v) = -v**2 + 71. What is the remainder when s(0) is divided by x?
8
Let b = 4 - 1. Suppose -y = b*m - 21, -3*y = -y + 3*m - 27. Calculate the remainder when 33 is divided by y.
3
Let m(p) = -4*p**2 - 2 + 5*p - 70*p**3 + 36*p**3 + 35*p**3. What is the remainder when 15 is divided by m(3)?
3
Suppose -5*o + 32 = -28. What is the remainder when 30 is divided by o?
6
Suppose 4*f = 0, f = a + 2*a - 36. Let j = -115 + 135. What is the remainder when j is divided by a?
8
Suppose 0 = -4*a + 11*y - 9*y + 2288, 0 = -3*a - 4*y + 1705. What is the remainder when a is divided by 82?
79
Let u(s) = 10*s**2 + s - 9. Let i = 133 - 136. What is the remainder when u(i) is divided by 10?
8
Suppose 3*i - 3*t - 63 = 0, 3*i - 33 = -5*t + 2*t. Suppose -22*x + 18*x = -372. Calculate the remainder when x is divided by i.
13
Let s = -137 - -159. What is the remainder when 40 is divided by s?
18
What is the remainder when 32 is divided by ((-17)/51)/(1/3)*-8?
0
Let b(a) = 26*a - 227. Calculate the remainder when b(28) is divided by 56.
53
Let q = -19 + 10. Let j(g) = g**2 + 6*g - 7. Suppose -n - 5*s + 38 = 0, 0 = -5*n + 3*s + 31 + 271. Calculate the remainder when n is divided by j(q).
18
What is the remainder when 65 is divided by (-37)/(2960/864)*10/(-3)?
29
Let g = 55 - 22. Let y = 55 - g. Suppose -13 = -5*p + y. What is the remainder when 25 is divided by p?
4
Let p = -2105 + 2194. Calculate the remainder when 349 is divided by p.
82
Let v = 1 - -2. Suppose 15 = v*m + 9. Suppose n = -m*n + 57. What is the remainder when 36 is divided by n?
17
Suppose 5*p + 90 = a, -2*p - 3*p = -4*a + 315. Suppose -b = -7 - 6. What is the remainder when a is divided by b?
10
Suppose 121 + 34 = 5*q - 3*x, 2*q - 36 = -4*x. What is the remainder when q is divided by 10?
8
Suppose 10600 = 126*z - 26*z. Calculate the remainder when 223 is divided by z.
11
Suppose 0*v - v + 4 = 0. Let t be (8/(-20))/((-1)/10). Suppose 2*p + 14 = t*p. Calculate the remainder when p is divided by v.
3
Calculate the remainder when 183 is divided by (-1)/(476/(-236) + 2).
6
Suppose 17 = 12*r - 11*r. Let k(u) = -2 - r*u - 3 + 5 + 4. Calculate the remainder when k(-3) is divided by 19.
17
Suppose -2*t - 3*i - 4 = -47, -5*t = 4*i - 118. Suppose -z + 81 = -t. Calculate the remainder when z is divided by 12.
11
Calculate the remainder when ((-280)/(-6))/(-15*30/(-4725)) is divided by 55.
50
Let l(d) = -d**3 - 5*d**2 - 5*d - 6. Let y be l(-4). Let n = 112 + -73. What is the remainder when 150 + 2 - (y + (-3 - -2)) is divided by n?
38
Let p(g) = -g**3 + g**2 - g + 1. Let x be p(1). Suppose 3*l = -x*l + 42. What is the remainder when l is divided by 5?
4
Calculate the remainder when ((-496)/24)/(167/(-33) + 5) is divided by 15.
11
Suppose -1 = -2*y + 1. Let x = 37 - y. What is the remainder when 107 is divided by x?
35
Let m(w) = -7*w**2 + 8*w - 4 + 0*w**2 + w**3 + 6. Let v = -15 + 21. What is the remainder when 27 is divided by m(v)?
13
Suppose 6 = 4*o - 78. Calculate the remainder when 164 is divided by o.
17
Let w = 4 + 6. Calculate the remainder when 150/12*1/(5/18) is divided by w.
5
Calculate the remainder when (-2